 -4. Let d(c) = 3*c**2 + 2*c + 27. Let v be d(k). Suppose 5*l - 660 + v = 0. What is the units digit of l?
5
Suppose 4 = -3*a + 5*a. Suppose f = -3*v + 1046, 0 = -3*f - 5 + a. What is the hundreds digit of v?
3
Let n be (27/6)/(6665/1110 + -6). Suppose -7*k + 611 = -n. What is the hundreds digit of k?
2
Let p = 22085 - 12052. What is the hundreds digit of p?
0
Let u be (((-42)/4)/7)/(3/(-4)). Suppose 0 = -5*q + 4*z - 5*z + 403, -3*z = -u*q + 168. What is the tens digit of q?
8
Suppose -i + 5*r = i - 1329, -2*i - 2*r + 1308 = 0. Let c = 115 + i. What is the hundreds digit of c?
7
Let f(l) = -2*l**3 - 11*l**2 - 11*l + 22. Let u be f(-12). Suppose -6*h + u = -194. What is the hundreds digit of h?
3
Let f = 55 - 40. Suppose -2*t + f = -285. What is the tens digit of (-1 + 11)/(3 + (-438)/t)?
2
Suppose 77*a = 144*a - 264248. What is the tens digit of a?
4
Suppose r + 4*s = 116, 7*r - 5*s = 3*r + 401. Suppose -j - r + 103 = 0. Let c(n) = 73*n**2 + n + 2. What is the tens digit of c(j)?
7
What is the tens digit of 9/21 - 922068/(-147)?
7
Let q(l) = -5 + 19 + 9*l - 3*l**2 - 8*l**2 - 2*l**3 + 0*l. Let v(m) = -m**3 + 8*m**2 - 16*m - 4. Let t be v(3). What is the tens digit of q(t)?
9
Let f = 34 - 26. Suppose 3*m - b + f = 0, -4*m + 2*b + 7 - 21 = 0. Let o(q) = -10*q + 2. What is the tens digit of o(m)?
1
Suppose 41*k - 8*k - 258361 = 4*k. What is the tens digit of k?
0
Let d be (-2)/((-2)/3) + -2 + -278. Let x = d + 617. Suppose 12*g - x = 8*g. What is the tens digit of g?
8
What is the hundreds digit of (-28)/4 + (-18 - -2141)?
1
Let x = 1993 + 7323. What is the hundreds digit of x?
3
Suppose 7*z + 24 = -25. Let r(s) = 19*s - 24. Let a be r(z). Let p = -81 - a. What is the tens digit of p?
7
Let u be (-8598)/22 + 14/(-77). Let f be (3 - 1)*u/34. What is the tens digit of (2 + f)*-3 + 3?
6
Let j(l) be the second derivative of 11*l**4/6 + 13*l**3/6 + 32*l**2 + 79*l. What is the hundreds digit of j(-5)?
5
Let p be ((16/(-20))/2)/((-5)/25). Let l be (5 - p) + 1/((-3)/1113). Let m = -210 - l. What is the tens digit of m?
5
Let a(r) = 562*r - 757. What is the ten thousands digit of a(46)?
2
Let l be (-32)/(-7) + (-18)/(-42). Let n(q) = 87*q - 23. Let d be n(l). Suppose 2*v - 4*t = d, -4*t + 628 + 10 = 3*v. What is the units digit of v?
0
Let j(w) = 4*w**2 - 1 + 3 + w**2 - 5 - 15*w. What is the tens digit of j(13)?
4
Let w be (-8)/(2/(-1))*(4 + 0). Suppose 3*r + 7059 = w*r. What is the units digit of r?
3
Let x(v) = -v**3 - 7*v**2 + 8*v + 2. Let y be x(-8). Suppose m - 15 = -y*m. What is the units digit of -23*m/(-10)*18?
7
Suppose 0 = -5*i + 26*i - 189. Suppose 0 = -4*k - 20, k - i - 154 = -2*y. What is the units digit of y?
4
Let v(d) = -3*d - 56. Let s be v(-23). Suppose -s*m + 16434 = 652. What is the tens digit of m?
1
Let r(k) be the second derivative of k**4/12 - k**3/6 - k**2 - 22*k. Let l be r(0). What is the units digit of (l + 18 + 2)/(22/121)?
9
Suppose 5*b - 453421 = -37*b - 13093. What is the tens digit of b?
8
Let z(r) = 28*r**3 + 70*r**3 + 6*r**2 + 3 - 5 - 3*r**2. Let d be z(1). Suppose -y + d = -0*y. What is the units digit of y?
9
Let t = -123 + 71. Let l = -52 - t. Suppose l*p + p - 89 = -2*c, -3*p - 4*c + 271 = 0. What is the tens digit of p?
9
Let d = -2884 + 11330. What is the units digit of d?
6
Suppose -8*n + 16288 = -10896. Suppose n = 10*d - 1352. What is the units digit of d?
5
Suppose -74 = 4*f + 26. What is the units digit of (194/5)/((-2)/f)?
5
Let x = -248 - -452. Suppose 4*y - 2*j = 192, 4*y + j = 6*j + x. What is the tens digit of y?
4
Suppose 0 = -4*y + 10*y + 30. Let s = -11 + y. Let h(k) = -k**3 - 17*k**2 - 22*k - 2. What is the tens digit of h(s)?
9
Let b(v) = -2*v**3 - 6*v**2 + 8*v. Let f be b(-6). Let q be -297*(-3)/(-21 - -12). Let t = q + f. What is the tens digit of t?
6
Suppose -5*v + 2 = -3, 0 = 3*z + 3*v - 9. Let f(i) = 29*i - 10 - 48*i + i**z + 22*i. What is the units digit of f(9)?
8
Suppose -4*p - p + 99640 = 21230. What is the units digit of p?
2
Suppose 4*a = -4*r + 112, -17*r + 5*a = -16*r - 10. Suppose -r*o + 16848 = 2*o. What is the tens digit of o?
2
Suppose -4*i = -3691 + 987. Let t = 357 + i. Suppose 5*z = -5*y + y + t, 2*z + 3*y = 409. What is the tens digit of z?
0
Let s(i) = -2*i**3 - 27*i**2 + 10*i - 64. What is the thousands digit of s(-17)?
1
Let r = 22 + -16. Suppose 4*v + 157 = -h, -6 = -4*h + r. What is the units digit of (2/4)/((-4)/v)?
5
Let p(a) = -a**3 - 10*a**2 + 7*a + 25. Let q be p(-10). Let v = q + -11. What is the units digit of (28/v)/(1/(-386))?
3
Suppose 15*x - 58382 = 96058. What is the ten thousands digit of x?
1
Let v(p) = 39*p**2 - 577*p - 538. What is the thousands digit of v(46)?
5
Let m = 456 + 244. Suppose 0 = -4*f + 4*x + m, 5*f + 10*x - 6*x - 848 = 0. What is the hundreds digit of f?
1
Suppose -3*j - 2144 = -4*i, -367 - 355 = j - 5*i. Let v = j - -742. What is the units digit of v?
0
Let n = 20 - 24. Let p be n/(-8) - 11/2. What is the units digit of (9/p)/((-9)/60)?
2
Let q = 286 - 114. Let b = 122 + q. What is the units digit of b?
4
Suppose 76326 = 31*t - 89546 - 108974. What is the tens digit of t?
6
Let r be (-1)/((-56)/(-28854)) + 2/8. Let w = r + 573. What is the tens digit of w?
5
Let x be 9/((-36)/8) - 26. Suppose n = 3*q + 26, -4*q - 4*n + 9*n = 31. What is the hundreds digit of ((-525)/x)/(q/(-60))?
1
Let g = -70 - -159. Suppose 5*m = -4*y - g, -59 = 3*m + 5*y - 4*y. What is the units digit of (10 + -8)*(2 - m/6)?
1
Suppose 7*i = -12*i - 44*i + 145152. What is the units digit of i?
4
Suppose -9*s - 35122 = -j, 5*j + 172*s - 170*s - 175422 = 0. What is the tens digit of j?
8
What is the tens digit of ((49/(-196))/(1/(-17348)))/((-1)/(-5))?
8
Suppose 0 = -294*z + 320*z - 59228. What is the thousands digit of z?
2
Let s = -6919 - -11531. What is the tens digit of s?
1
Let p(f) = -11*f + 55. Let j be p(5). Suppose -35*o + 41*o - 3750 = j. What is the tens digit of o?
2
Let w = -9 + 199. Suppose -p + w = -53. What is the units digit of p?
3
Let w(p) be the third derivative of -p**6/120 + p**5/30 - p**4/12 + 98*p**3 - 28*p**2. What is the tens digit of w(0)?
8
Suppose -5*v + 0*g = 4*g - 87572, -2*v + 11*g = -34991. What is the thousands digit of v?
7
Let j = 74 + -69. Suppose -87 = -y - j*k, 491 = 4*y - 4*k + 143. What is the tens digit of y?
8
Suppose 0 = -3*k + 15, 0 = s + 5*k - 9*k + 1665. Let d = -1154 - s. What is the tens digit of d?
9
Suppose -93 = -8*d + 5*d. Let q(r) = -2*r - 11. Let f be q(-9). Suppose -d = -2*j + f. What is the tens digit of j?
1
Let x(o) = 15*o**3 + 34*o**2 - 14*o + 42. What is the tens digit of x(11)?
6
Let w = -137 - -149. What is the units digit of (2/(w/222))/(1/3)?
1
Suppose -3*i - v = -43, 2*v = -4*i + 3*v + 55. Suppose 2*f - 3*f - 17 = -3*h, 0 = 4*h + f - 11. Let r = h + i. What is the tens digit of r?
1
What is the ten thousands digit of (-36179842)/(-3013) + 1/(-46)*-4?
1
Let p = 11 + -9. Let a(r) = 4*r**3 - r - 1. Let c be a(p). Suppose -q + 72 = -3*i - c, -2*i = -2*q + 198. What is the units digit of q?
8
Let o be (-6)/(3 + 1428/(-472)). Suppose 0*r + 4*r = o. Suppose 9 = q - r. What is the units digit of q?
8
Suppose -983*z + 981*z + 8 = 0. Let v(i) be the second derivative of i**5/10 - 7*i**4/12 + 2*i**3/3 + i**2/2 - i. What is the tens digit of v(z)?
3
Suppose 682 = -b - p + 3489, -5626 = -2*b + p. What is the hundreds digit of b?
8
What is the hundreds digit of 77524 + ((-5)/15)/(33/1089)?
5
Suppose 360 = 5*v + 15*v. Suppose v + 128 = n. What is the units digit of n?
6
Suppose 4*o = -12, -112*d = -107*d + o - 16747. What is the hundreds digit of d?
3
Suppose 37*a - 36*a + 4*y + 10 = 0, -3*a + 4*y = 14. Let m be ((-14)/(-6))/((-3)/18). Let s = a - m. What is the units digit of s?
8
What is the units digit of (-1 - -5091) + -13 + 26/2?
0
What is the thousands digit of (1 - 12/(-15))/((-198256)/(-9440) + -21)?
1
Let a(k) = 106*k + 88*k - 13*k - 165 + 37*k - 51*k. What is the thousands digit of a(8)?
1
Let a(v) = -10*v**2 + 3*v + 3 - 2*v**3 - 3*v - 4*v + 3*v**2. Let t = -12 + 8. What is the tens digit of a(t)?
3
Let r(l) = -5*l - 155. Let q be r(-31). Suppose q = 3*d - 5*t - 199 - 538, -249 = -d + t. What is the units digit of d?
4
Suppose -3*y + 0*s = -3*s, 2*s + 10 = -3*y. Let w be 2*y/2 - (-52)/4. Let m = w + 89. What is 